 -z = -2*z + 2. Let r = z + 2. Suppose 4*d + 0*n - 8 = n, -r*d = -5*n - 24. Let b(c) = 2*c**3 + 2*c**2 - c. Calculate b(d).
3
Suppose 6*f + 48 = 2*f. Let n = f - -6. Let u(t) be the third derivative of -t**5/60 - 7*t**4/24 - t**3 + 36*t**2. Give u(n).
0
Let w = -39 + 41. Let a(v) be the first derivative of 6*v - 9 + 3/2*v**w - 1/3*v**3. Give a(6).
-12
Let h(s) = -s - 5. Let n(x) = x + 5. Let t = 34 - 29. Let q(z) = t*h(z) + 6*n(z). Let b be 0 + -1 - (2 - 3). Give q(b).
5
Let t(i) = -2*i**2 + 3*i + 9. Let y(d) = -d**3 + 12*d**2 - 33*d - 10. Let p be y(7). Determine t(p).
-11
Let g(d) = 20*d**3 + 11*d**2 + 20*d - 10. Let i(u) = -9*u**3 - 6*u**2 - 10*u + 4. Let m(y) = -4*g(y) - 9*i(y). Calculate m(-9).
-5
Suppose 0 = 2*g, -g + 5*g - 6 = -3*i. Let v(n) = -n + i*n + 12 - 2*n. Let x be v(10). Let z(b) = b**3 - b**2 - 4*b + 3. What is z(x)?
-1
Let j(p) be the third derivative of -1/120*p**6 + 0 + 0*p - 1/6*p**5 + 4/3*p**3 + 17*p**2 + 1/24*p**4. Calculate j(-10).
-2
Suppose b + 0*b - 19 = 4*n, 5*b + 2*n - 7 = 0. Let t(v) = -4 + 0*v**2 - b*v - 22*v**2 + 23*v**2. Give t(3).
-4
Let w(h) be the second derivative of h**4/12 + 3*h**3/2 - 2*h**2 + 41*h. Let r(c) = -c + 1. Let v(l) = -6*r(l) - w(l). Determine v(-2).
0
Let p(x) = -x**3 - 34*x**2 - x - 38. Let a(k) = 19*k - 148. Let g be a(6). Calculate p(g).
-4
Suppose 4*x + 4*d - 4 + 16 = 0, 5*x = 5*d + 35. Let q(i) = -3*i**3 + 6 + 7*i + 40*i**x + 2*i**3 - 46*i**2. Give q(-7).
6
Suppose -o - 5*v = -0*o - 5, 4*o - 2*v = 20. Let s(n) = 0*n - o + n**2 + 16 - 9*n. Let z be s(7). Let j(t) = t**2 + 2*t + 1. Give j(z).
4
Let z(b) be the second derivative of b**4/12 + 4*b**3/3 + 7*b**2/2 + b + 34. Let u be (-1)/(-3)*(2 - -1). Let s be ((-5)/2)/(u/2). Calculate z(s).
-8
Let t(v) be the third derivative of -v**6/120 + v**5/60 - 3*v**3 + 12*v**2. Let z(i) be the first derivative of t(i). What is z(-2)?
-16
Let r(t) = -t**2 - 5*t + 37. Let p be r(-9). Suppose p = 5*v - 2*m + 6, 0 = -v + 3*m + 12. Let n(x) = 2*x**2 + 3*x - 2. Calculate n(v).
7
Suppose 5*r - 36 = -3*t, -5*r - 23*t + 18*t + 40 = 0. Let q(g) = -54*g - 2 + r + 53*g. Calculate q(-5).
9
Let g(d) = -295*d - 8 + 152*d + 144*d. Let z be ((-6)/(-5))/(3/20). What is g(z)?
0
Let g(z) = -7*z**2 + z + 1. Let u = -8 + 6. Let r be 10/(10/2) + 6/u. Calculate g(r).
-7
Let y(i) = -7*i + 2. Let m(k) = 6*k**2 - 1. Let x be m(-1). Suppose 3*u + 5*a + 16 = 0, 5*u - a + x = -3. Let p = u - 0. Give y(p).
16
Let u(x) be the third derivative of x**6/120 + x**5/10 - x**4/6 - 4*x**3/3 + 125*x**2 - 1. Give u(-6).
16
Let d(a) = -a**2 - 3*a - 2. Let o be d(-3). Let i(g) = 7*g**2 - 8*g**2 - g + 1711 + g**3 - 1713 - 2*g**3. Determine i(o).
4
Let y(o) = -o + 4. Let p be y(2). Let g(h) = 19*h**2 - 7*h**2 - h**3 + 1 - 2*h**2 + h - 7*h**p. Let j be ((-2)/(-6))/(4/36). Give g(j).
4
Let k(f) = -f - 2. Suppose 4 - 3 = d + 3*b, 4*d = -5*b + 11. Let p = -2 + 2. Suppose 0 = -r - 4, 4*n = -2*r + d - p. Determine k(n).
-5
Let f(g) = 4*g - 27. Let j(s) = 2*s - 13. Let w(o) = 4*f(o) - 7*j(o). Let r be w(10). Suppose 2*t = -r*t + 30. Let q(a) = a - 12. Determine q(t).
-6
Let o(a) = 11*a**2 - 9*a + 7. Let k(p) = 3*p**2 + p - 1. Let m(y) = 3*k(y) - o(y). Determine m(4).
6
Suppose -6 = 2*w + 10. Let s be (w + 5)*(-1)/3. Let i(m) = 8*m**3 - m**2 - m + 1. Calculate i(s).
7
Let a(k) be the first derivative of k**3/3 + k**2 - 6*k + 130. Determine a(3).
9
Suppose -4*p + 4 = 3*j - 0*j, -2*p + 3*j = -20. Let w(a) = -2*a + 10. Calculate w(p).
2
Suppose -33 = -4*x - 41. Let j(z) = 5. Let y(v) = -v - 16. Let k(w) = x*y(w) - 7*j(w). Determine k(3).
3
Let u = 196 - 192. Let c(o) = o + 8. Calculate c(u).
12
Let r(b) = 2*b**2 - 10*b + 2. Let s(g) = -g**2 + 5 + 2*g**2 - 19*g - 2 + 2*g**2. Let m(d) = 5*r(d) - 3*s(d). Let v = 50 + -55. What is m(v)?
-9
Let m(v) = -v**2 + 5*v - 2. Let s(i) = 2*i + 34. Let a be s(-5). Suppose 4*q - a = -4*q. Determine m(q).
4
Let x(l) = 4 - 2*l**2 - l**3 + 5*l + 0*l**2 - l. Suppose 0 = 5*h - 4*z + 35, -3*h - h = -3*z + 27. Give x(h).
1
Let n be ((-15)/(-6))/((-2)/(-3 - 1)). Let z(y) = -5 - 3 + n*y + 9. Determine z(-2).
-9
Let m be ((-18)/(-45))/((-8)/(-80)). Let c(y) = -y**2 + 3*y - 6. What is c(m)?
-10
Let l(k) = 2*k**2 - 4*k - 125. Let x be l(9). Let b(c) be the first derivative of 5*c**4/4 + c**2 - c + 2. Determine b(x).
6
Let w(n) = 1 + 14*n**2 - 5*n**3 + 29*n**3 - 37*n**2 + 21*n**2. Determine w(1).
23
Let c(s) = 13*s - 3*s - 2 - 4*s - 7*s. Calculate c(-9).
7
Let f(u) = u**3 + u**2 - 3*u - 7. Let z be f(-2). Let y be (2/(-1) - -5) + z. Let c(d) = d**3 + 4*d**2 + 3*d. Give c(y).
2
Let b(k) = -4*k**2 + 69*k - 13. Let g be b(17). Let q(a) = -a**3 + 4*a**2 + 2*a - 8. Give q(g).
0
Suppose 6*j = 4*m + 3*j + 17, 4*m = -5*j - 57. Let t = -6 - m. Let b(w) = 0*w - 3*w - t*w**2 + 2*w - 2*w + 1 + w**3. What is b(2)?
-5
Suppose -30 = -5*p + 2*s + s, 4*p + 4*s = -8. Let k(g) = 0 + 1 - p + 3*g - 4*g. Calculate k(4).
-6
Let z(m) = m**3 + 2*m**2 + 3*m + 4. Let t = -124 + 120. Determine z(t).
-40
Suppose 4*y - 9 = 11, -3*j + 2*y - 115 = 0. Let c = -19 - j. Suppose c = 5*x + 6. Let d(g) = -7*g + 3. Calculate d(x).
-11
Let a(c) be the first derivative of c**3/3 - 7*c**2/2 + c - 344. Determine a(9).
19
Let r(m) be the third derivative of -m**6/120 - m**5/20 + m**4/12 + 137*m**2. Determine r(-3).
-6
Let i(t) be the third derivative of -t**6/120 + 7*t**5/60 + 7*t**4/24 - 7*t**3/6 - 14*t**2. What is i(8)?
-15
Let n(m) = 2*m**2 - 19*m + 17. Let j be n(9). Let c(a) = -7*a + 4 + 0 + a**3 + 6 + j*a**2. Calculate c(-9).
-8
Let i(z) be the first derivative of z**5/10 + z**4/12 - z**3/3 + z**2/2 + 3*z - 21. Let c(y) be the first derivative of i(y). Calculate c(1).
2
Let x(k) = 2*k**2 - 2*k - 4. Suppose -17*i - 21 = -72. Calculate x(i).
8
Let p(x) = -5*x - 19. Let z(n) = -4*n - 17. Let m(a) = 5*p(a) - 6*z(a). Determine m(0).
7
Suppose o + 3*q = 5, -2*o - 5*q + 11 = o. Suppose -2 = o*a + 4. Let n(i) = i**3 + 3*i**2 + 2. What is n(a)?
2
Let d(x) = -x**2 + 27. Let y be d(-5). Let v(b) = -6*b**3 - y*b**3 - 101*b + 100*b. What is v(1)?
-9
Suppose 5 = 63*r - 62*r. Suppose -4*t + 3*m + 3 = 0, -6*t + 3*t = 5*m + r. Let y(h) = h**3 + h**2 - 3. Give y(t).
-3
Let u(w) be the first derivative of -w**4/4 + 4*w**3/3 + 5*w**2/2 - 5*w - 360. Calculate u(5).
-5
Let z(u) = 5*u**2 + 5*u + 1. Suppose -2*q = -5*q + 18. Let n(r) = 11*r**2 + 10*r + 2. Let t(s) = q*n(s) - 13*z(s). Give t(5).
-1
Let z(m) = 2*m**2 - 7*m + 4. Let b be ((-52)/(-16))/1 - (-4)/(-16). Give z(b).
1
Let d(c) = c**3 + c**2 + c. Let t(n) = -n**3 + 14*n**2 - 48*n - 2. Let z be t(6). Determine d(z).
-6
Suppose 5*q = -0*q + 25. Let t(g) = 28*g + q*g**2 - 34*g + 4 - 6*g**2. Calculate t(-7).
-3
Let n(j) = 2*j - 3*j - j - 3. Let g(x) = -x**2 + 5*x + 18. Let y(h) = h**3 + 19*h**2 - h - 11. Let d be y(-19). Let w be g(d). What is n(w)?
9
Let j(y) = -8*y - 12 + 6*y + y. Suppose -4*i - 4*o - 17 - 7 = 0, 5*i + 20 = 5*o. Give j(i).
-7
Suppose 0 = -g + 2*k - 6, -5*g + 2*k = -2 + 8. Let u(d) = -64 + d**3 + 0*d**2 + d**2 + d + 0*d**2 + 51. Calculate u(g).
-13
Let y(q) = q**2 - 11*q - 12. Suppose 2*k = -t + 5, t + 3*t - 5*k = 46. Determine y(t).
-30
Suppose -6*u = -75 + 63. Let a(m) = -3*m**3 + 4*m**2 - 4*m + 1. Let c(v) = -12*v**3 + 16*v**2 - 17*v + 5. Let d(z) = 9*a(z) - 2*c(z). Calculate d(u).
-13
Let b be ((-24)/21 - -1)*(-294)/252. Let m(u) be the second derivative of -b*u**3 + 0 - 5*u - 2*u**2 + 1/6*u**4. What is m(3)?
11
Let c(z) = 3*z - 2. Let i(o) = -2*o**2 + 7*o - 3. Let g be i(3). Let d be g/(-1) - (2 - 4). What is c(d)?
4
Let v = -15 - -21. Suppose -3 = w - v. Let z(h) = h + 1 - 9*h**w + 8*h**3 + 1 + h**2 + 0*h**2. What is z(2)?
0
Suppose -2*g + 10 = -2*y, 18 - 17 = -y. Let d(m) = -m - 5. Determine d(g).
-9
Let q(y) = y**3 - 10*y**2 + 2*y - 12. Suppose 4*t + 34 = 7*t - b, -5*b = -2*t + 40. Determine q(t).
8
Let c(j) = 4*j - 2. Suppose 353 = -4*k + 337. Give c(k).
-18
Let j(r) be the first derivative of r**4/4 - 2*r**3 - r**2/2 + 3*r - 105. Give j(6).
-3
Let s(l) = -2*l - 5. Let p be 2/7 - (-95)/35. Suppose 4*g - 5*v - 15 = 0, 9 = -0*g + p*g - 3*v. Suppose -m + w - 2 = g, 0*w - 38 = 5*m + 2*w. What is s(m)?
7
Let l(r) = 2*r - 3. Suppose -2*q = -3*q + 1, 4*q - 16 = -4*o. Suppose -125 = -2*t - o*t. Let c = -19 + t. Determine l(c).
9
Let r(m) = 12 - 24 - 33*m - 12 + 36*m. 